 111?
108
Calculate the remainder when 606 is divided by 46.
8
Calculate the remainder when 181 is divided by 61.
59
Calculate the remainder when 93 is divided by 31.
0
What is the remainder when 846 is divided by 280?
6
Calculate the remainder when 376 is divided by 360.
16
Calculate the remainder when 304 is divided by 98.
10
What is the remainder when 375 is divided by 104?
63
What is the remainder when 578 is divided by 193?
192
What is the remainder when 585 is divided by 54?
45
Calculate the remainder when 2308 is divided by 1147.
14
What is the remainder when 308 is divided by 27?
11
Calculate the remainder when 189 is divided by 32.
29
Calculate the remainder when 24 is divided by 9.
6
What is the remainder when 4767 is divided by 27?
15
What is the remainder when 536 is divided by 77?
74
Calculate the remainder when 169 is divided by 25.
19
What is the remainder when 576 is divided by 286?
4
Calculate the remainder when 1175 is divided by 14.
13
What is the remainder when 82 is divided by 45?
37
Calculate the remainder when 97 is divided by 17.
12
What is the remainder when 56 is divided by 25?
6
Calculate the remainder when 143 is divided by 99.
44
Calculate the remainder when 296 is divided by 5.
1
Calculate the remainder when 149 is divided by 15.
14
What is the remainder when 526 is divided by 66?
64
Calculate the remainder when 894 is divided by 876.
18
Calculate the remainder when 1837 is divided by 80.
77
What is the remainder when 63 is divided by 6?
3
What is the remainder when 186 is divided by 66?
54
What is the remainder when 680 is divided by 104?
56
What is the remainder when 2387 is divided by 21?
14
Calculate the remainder when 1346 is divided by 54.
50
Calculate the remainder when 1761 is divided by 252.
249
Calculate the remainder when 1358 is divided by 171.
161
Calculate the remainder when 169 is divided by 117.
52
Calculate the remainder when 2438 is divided by 61.
59
Calculate the remainder when 232 is divided by 13.
11
Calculate the remainder when 4819 is divided by 10.
9
Calculate the remainder when 4 is divided by 1.
0
What is the remainder when 137 is divided by 23?
22
What is the remainder when 87 is divided by 33?
21
Calculate the remainder when 689 is divided by 177.
158
Calculate the remainder when 459 is divided by 134.
57
What is the remainder when 467 is divided by 26?
25
What is the remainder when 444 is divided by 147?
3
What is the remainder when 516 is divided by 241?
34
Calculate the remainder when 58 is divided by 56.
2
What is the remainder when 768 is divided by 31?
24
Calculate the remainder when 4833 is divided by 9.
0
What is the remainder when 331 is divided by 92?
55
What is the remainder when 542 is divided by 194?
154
What is the remainder when 306 is divided by 154?
152
Calculate the remainder when 851 is divided by 19.
15
Calculate the remainder when 2025 is divided by 2.
1
What is the remainder when 26 is divided by 4?
2
What is the remainder when 115 is divided by 33?
16
Calculate the remainder when 4173 is divided by 72.
69
Calculate the remainder when 181 is divided by 82.
17
Calculate the remainder when 233 is divided by 126.
107
What is the remainder when 1231 is divided by 207?
196
What is the remainder when 112 is divided by 53?
6
Calculate the remainder when 158 is divided by 9.
5
Calculate the remainder when 273 is divided by 135.
3
What is the remainder when 115 is divided by 15?
10
What is the remainder when 599 is divided by 24?
23
What is the remainder when 7785 is divided by 22?
19
Calculate the remainder when 35 is divided by 9.
8
What is the remainder when 170 is divided by 29?
25
What is the remainder when 138 is divided by 74?
64
Calculate the remainder when 14939 is divided by 83.
82
Calculate the remainder when 124 is divided by 42.
40
Calculate the remainder when 277 is divided by 38.
11
Calculate the remainder when 161 is divided by 12.
5
What is the remainder when 70 is divided by 24?
22
What is the remainder when 24968 is divided by 29?
28
What is the remainder when 29017 is divided by 10?
7
What is the remainder when 450 is divided by 16?
2
What is the remainder when 3587 is divided by 46?
45
What is the remainder when 40 is divided by 14?
12
Calculate the remainder when 588 is divided by 119.
112
What is the remainder when 15873 is divided by 36?
33
Calculate the remainder when 1440 is divided by 717.
6
Calculate the remainder when 182 is divided by 31.
27
What is the remainder when 13 is divided by 2?
1
Calculate the remainder when 257 is divided by 7.
5
Calculate the remainder when 38 is divided by 8.
6
What is the remainder when 1751 is divided by 195?
191
What is the remainder when 3475 is divided by 174?
169
Calculate the remainder when 520 is divided by 35.
30
What is the remainder when 318 is divided by 28?
10
Calculate the remainder when 34 is divided by 15.
4
What is the remainder when 798 is divided by 796?
2
What is the remainder when 2442 is divided by 12?
6
What is the remainder when 100 is divided by 18?
10
Calculate the remainder when 198 is divided by 158.
40
Calculate the remainder when 265 is divided by 67.
64
What is the remainder when 214 is divided by 163?
51
Calculate the remainder when 428 is divided by 50.
28
Calculate the remainder when 9965 is divided by 3315.
20
What is the remainder when 108 is divided by 62?
46
Calculate the remainder when 20 is divided by 2.
0
Calculate the remainder when 129 is divided by 67.
62
What is the remainder when 199 is divided by 67?
65
Calculate the remainder when 12 is divided by 2.
0
Calculate the remainder when 1084 is divided by 137.
125
What is the remainder when 160 is divided by 9?
7
Calculate the remainder when 1326 is divided by 106.
54
Calculate the remainder when 6106 is divided by 32.
26
Calculate the remainder when 594 is divided by 93.
36
Calculate the remainder when 9837 is divided by 43.
33
What is the remainder when 778 is divided by 56?
50
Calculate the remainder when 3632 is divided by 18.
14
What is the remainder when 582 is divided by 96?
6
What is the remainder when 473 is divided by 30?
23
Calculate the remainder when 815 is divided by 19.
17
What is the remainder when 235 is divided by 19?
7
Calculate the remainder when 195 is divided by 19.
5
What is the remainder when 863 is divided by 16?
15
Calculate the remainder when 258 is divided by 82.
12
Calculate the remainder when 1323 is divided by 167.
154
What is the remainder when 738 is divided by 737?
1
What is the remainder when 79 is divided by 37?
5
Calculate the remainder when 259 is divided by 71.
46
Calculate the remainder when 197 is divided by 47.
9
Calculate the remainder when 623 is divided by 184.
71
Calculate the remainder when 12473 is divided by 126.
125
What is the remainder when 174 is divided by 119?
55
What is the remainder when 6448 is divided by 15?
13
Calculate the remainder when 676 is divided by 164.
20
Calculate the remainder when 27455 is divided by 33.
32
What is the remainder when 135 is divided by 46?
43
What is the remainder when 254 is divided by 89?
76
What is the remainder when 123 is divided by 63?
60
Calculate the remainder when 963 is divided by 318.
9
What is the remainder when 1319 is divided by 110?
109
Calculate the remainder when 1833 is divided by 17.
14
What is the remainder when 194 is divided by 50?
44
Calculate the remainder when 154 is divided by 31.
30
Calculate the remainder when 989 is divided by 253.
230
What is the remainder when 378 is divided by 38?
36
What is the remainder when 5577 is divided by 18?
15
Calculate the remainder when 385 is divided by 65.
60
What is the remainder when 223 is divided by 54?
7
What is the remainder when 10499 is divided by 25?
24
What is the remainder when 173 is divided by 4?
1
Calculate the remainder when 379 is divided by 11.
5
What is the remainder when 929 is divided by 49?
47
Calculate the remainder when 174 is divided by 86.
2
Calculate the remainder when 802 is divided by 20.
2
Calculate the remainder when 7250 is divided by 98.
96
What is the remainder when 486 is divided by 115?
26
Calculate the remainder when 1538 is divided by 27.
26
Calculate the remainder when 264 is divided by 7.
5
Calculate the remainder when 381 is divided